 of 40432683.
3, 41, 328721
List the prime factors of 1690077764.
2, 422519441
What are the prime factors of 82879020?
2, 3, 5, 7, 65777
What are the prime factors of 1653627141?
3, 31, 5926979
What are the prime factors of 321465044?
2, 80366261
List the prime factors of 1042078772.
2, 7, 37217099
What are the prime factors of 1834355256?
2, 3, 197, 387977
List the prime factors of 3467871306.
2, 3, 83, 349, 739
What are the prime factors of 96980477?
11, 2333, 3779
What are the prime factors of 94471517?
7, 13495931
List the prime factors of 77805887.
77805887
List the prime factors of 62836094.
2, 433, 72559
What are the prime factors of 1259718206?
2, 37, 460087
List the prime factors of 157204879.
13, 19, 239, 2663
What are the prime factors of 198851441?
198851441
What are the prime factors of 20135100?
2, 3, 5, 41, 1637
What are the prime factors of 178384985?
5, 257, 138821
List the prime factors of 765630762.
2, 3, 13, 23, 426773
List the prime factors of 99095149.
2707, 36607
List the prime factors of 145921688.
2, 11, 1658201
What are the prime factors of 374285555?
5, 7, 23, 464951
List the prime factors of 3391207691.
863, 3929557
List the prime factors of 84160237.
7, 37, 53, 6131
List the prime factors of 32037639.
3, 17, 628189
List the prime factors of 6595660275.
3, 5, 113, 157, 4957
List the prime factors of 148671810.
2, 3, 5, 7, 47, 5021
List the prime factors of 12184131.
3, 4061377
List the prime factors of 16029458.
2, 61, 83, 1583
What are the prime factors of 433513889?
17, 31, 822607
What are the prime factors of 52478954?
2, 11, 283, 8429
List the prime factors of 86101949.
23, 1567, 2389
What are the prime factors of 1985857419?
3, 7, 13, 83, 87641
List the prime factors of 205501655.
5, 701, 58631
What are the prime factors of 2160465513?
3, 720155171
What are the prime factors of 31842911?
31842911
What are the prime factors of 2808583411?
61, 5209, 8839
What are the prime factors of 101977384?
2, 1123, 11351
What are the prime factors of 129081111?
3, 283, 152039
What are the prime factors of 58123913?
47, 863, 1433
What are the prime factors of 46623305?
5, 53, 175937
List the prime factors of 31787248.
2, 29, 68507
What are the prime factors of 35801730?
2, 3, 5, 97, 1367
List the prime factors of 116445834.
2, 3, 461, 14033
List the prime factors of 81369949.
719, 113171
List the prime factors of 2303965204.
2, 29, 337, 58937
What are the prime factors of 33041983?
13, 97, 26203
What are the prime factors of 2654134461?
3, 11, 61, 283, 1553
List the prime factors of 84362561.
599, 140839
List the prime factors of 14751474.
2, 3, 31, 79309
List the prime factors of 7502476728.
2, 3, 312603197
List the prime factors of 6123480324.
2, 3, 13, 5639, 6961
List the prime factors of 4084954891.
38287, 106693
What are the prime factors of 695274364?
2, 17, 10224623
What are the prime factors of 958873130?
2, 5, 37, 97, 26717
What are the prime factors of 113013889?
113013889
List the prime factors of 141961463.
7, 313, 64793
List the prime factors of 50815972.
2, 97, 130969
What are the prime factors of 37141342?
2, 7, 2652953
List the prime factors of 105197031.
3, 37, 315907
List the prime factors of 2489008182.
2, 3, 17, 1279, 19079
What are the prime factors of 8103169?
17, 109, 4373
List the prime factors of 12800012.
2, 3200003
List the prime factors of 416910813.
3, 11, 12633661
List the prime factors of 2951468441.
257, 11484313
List the prime factors of 7951766825.
5, 431, 577, 1279
What are the prime factors of 29472?
2, 3, 307
List the prime factors of 2746229548.
2, 686557387
List the prime factors of 101660644.
2, 23, 211, 5237
List the prime factors of 10035011.
7, 1433573
List the prime factors of 104003174.
2, 11, 4727417
List the prime factors of 590920211.
7, 29, 157, 18541
What are the prime factors of 2320613542?
2, 13, 89254367
What are the prime factors of 5286847153?
7, 17, 89, 499183
List the prime factors of 111183873.
3, 89, 416419
List the prime factors of 414492489.
3, 53, 868957
List the prime factors of 239374279.
239374279
List the prime factors of 337838775.
3, 5, 31, 145307
What are the prime factors of 1131711264?
2, 3, 103, 157
List the prime factors of 4274382995.
5, 3967, 215497
List the prime factors of 53045565.
3, 5, 3536371
List the prime factors of 1886814296.
2, 235851787
List the prime factors of 85382403.
3, 28460801
What are the prime factors of 579784629?
3, 193261543
List the prime factors of 2577030.
2, 3, 5, 17, 31, 163
What are the prime factors of 434766455?
5, 19, 863, 5303
List the prime factors of 42826840.
2, 5, 7, 152953
What are the prime factors of 82486582?
2, 41243291
List the prime factors of 84187031.
73, 1153247
List the prime factors of 182066641.
11003, 16547
What are the prime factors of 195195435?
3, 5, 151, 86179
What are the prime factors of 178868311?
178868311
List the prime factors of 1999106591.
157, 877, 14519
List the prime factors of 217593318.
2, 3, 167, 397, 547
List the prime factors of 19242929.
17, 1131937
What are the prime factors of 103238893?
67, 1540879
What are the prime factors of 3911618?
2, 1955809
What are the prime factors of 4970718381?
3, 197, 8410691
List the prime factors of 52725175.
5, 349, 6043
What are the prime factors of 220292347?
11, 20026577
List the prime factors of 165556565.
5, 41, 127, 6359
What are the prime factors of 47726309?
19, 2511911
List the prime factors of 42094707.
3, 991, 14159
What are the prime factors of 4135468550?
2, 5, 82709371
List the prime factors of 5470934842.
2, 89, 30735589
List the prime factors of 401245665.
3, 5, 797, 33563
List the prime factors of 259090216.
2, 7, 11, 23, 18287
List the prime factors of 794120339.
617, 1287067
List the prime factors of 985188222.
2, 3, 43, 569, 2237
List the prime factors of 3602808280.
2, 5, 4987, 18061
List the prime factors of 41925814.
2, 7, 2994701
List the prime factors of 1004589262.
2, 17, 23, 1284641
List the prime factors of 5342974744.
2, 17, 31, 223, 5683
What are the prime factors of 39033991?
31, 281, 4481
List the prime factors of 51379189.
51379189
List the prime factors of 163246456.
2, 23, 163, 5443
What are the prime factors of 98633273?
98633273
What are the prime factors of 613497497?
131, 4683187
What are the prime factors of 146313777?
3, 48771259
List the prime factors of 3465195682.
2, 13, 73, 1283, 1423
List the prime factors of 792178387.
7, 11, 13, 791387
List the prime factors of 243820807.
243820807
What are the prime factors of 36748676?
2, 157, 163, 359
What are the prime factors of 271689244?
2, 67922311
List the prime factors of 1847478463.
27407, 67409
List the prime factors of 1892276464.
2, 13, 229, 39727
What are the prime factors of 1622941644?
2, 3, 135245137
What are the prime factors of 7629576086?
2, 11, 43, 89, 90619
List the prime factors of 9720592.
2, 7, 229, 379
List the prime factors of 284458960.
2, 5, 17, 37, 5653
What are the prime factors of 856101629?
137, 2423, 2579
What are the prime factors of 1866629486?
2, 29, 2297, 14011
List the prime factors of 447601238.
2, 7, 83, 385199
List the prime factors of 1524186491.
73, 223, 93629
List the prime factors of 218006738.
2, 37, 2946037
List the prime factors of 179984117.
17, 727, 14563
List the prime factors of 63758849.
7, 11, 29, 4079
List the prime factors of 70446315.
3, 5, 541, 8681
List the prime factors of 30094239.
3, 7, 1433059
List the prime factors of 400683648.
2, 3, 47, 149
What are the prime factors of 674791875?
3, 5, 119963
List the prime factors of 16024405.
5, 1549, 2069
What are the prime factors of 78521626?
2, 4397, 8929
List the prime factors of 110648633.
307, 439, 821
List the prime factors of 71559145.
5, 7, 41, 47, 1061
What are the prime factors of 2982970350?
2, 3, 5, 31, 213833
What are the prime factors of 3388889021?
7, 17, 28478059
What are the prime factors of 328728405?
3, 5, 17, 19, 3571
List the prime factors of 49427696.
2, 3089231
List the prime factors of 69513754.
2, 29, 1198513
List the prime factors of 6745788856.
2, 157, 5370851
What are the prime factors of 13973502?
2, 3, 569, 4093
List the prime factors of 1863387848.
2, 7, 83, 97, 4133
List the prime factors of 45317471.
45317471
What are the p